{"id":797,"date":"2024-09-27T16:31:09","date_gmt":"2024-09-27T14:31:09","guid":{"rendered":"https:\/\/argane-conception.fr\/?page_id=797"},"modified":"2024-11-21T15:47:22","modified_gmt":"2024-11-21T14:47:22","slug":"le-billot","status":"publish","type":"page","link":"https:\/\/argane-conception.fr\/index.php\/le-billot\/","title":{"rendered":"LE BILLOT"},"content":{"rendered":"\t\t<div data-elementor-type=\"wp-page\" data-elementor-id=\"797\" class=\"elementor elementor-797\">\n\t\t\t\t<div class=\"elementor-element elementor-element-73d1458f e-flex e-con-boxed e-con e-parent\" data-id=\"73d1458f\" data-element_type=\"container\" data-e-type=\"container\">\n\t\t\t\t\t<div class=\"e-con-inner\">\n\t\t<div class=\"elementor-element elementor-element-707a332d e-con-full e-flex e-con e-child\" data-id=\"707a332d\" data-element_type=\"container\" data-e-type=\"container\">\n\t\t\t\t<div class=\"elementor-element elementor-element-5cd061c3 elementor-widget elementor-widget-image\" data-id=\"5cd061c3\" data-element_type=\"widget\" data-e-type=\"widget\" data-widget_type=\"image.default\">\n\t\t\t\t<div class=\"elementor-widget-container\">\n\t\t\t\t\t\t\t\t\t\t\t\t\t\t\t<img fetchpriority=\"high\" decoding=\"async\" width=\"300\" height=\"300\" src=\"https:\/\/argane-conception.fr\/wp-content\/uploads\/2024\/09\/3-1-300x300.png\" class=\"attachment-medium size-medium wp-image-646\" alt=\"\" srcset=\"https:\/\/argane-conception.fr\/wp-content\/uploads\/2024\/09\/3-1-300x300.png 300w, https:\/\/argane-conception.fr\/wp-content\/uploads\/2024\/09\/3-1-150x150.png 150w, https:\/\/argane-conception.fr\/wp-content\/uploads\/2024\/09\/3-1.png 500w\" sizes=\"100vw\" \/>\t\t\t\t\t\t\t\t\t\t\t\t\t\t\t<\/div>\n\t\t\t\t<\/div>\n\t\t\t\t<\/div>\n\t\t<div class=\"elementor-element elementor-element-d8f08df e-con-full e-flex e-con e-child\" data-id=\"d8f08df\" data-element_type=\"container\" data-e-type=\"container\">\n\t\t\t\t<div class=\"elementor-element elementor-element-30c4427e elementor-widget elementor-widget-heading\" data-id=\"30c4427e\" data-element_type=\"widget\" data-e-type=\"widget\" data-widget_type=\"heading.default\">\n\t\t\t\t<div class=\"elementor-widget-container\">\n\t\t\t\t\t<h2 class=\"elementor-heading-title elementor-size-default\">LE BILLOT<\/h2>\t\t\t\t<\/div>\n\t\t\t\t<\/div>\n\t\t\t\t<div class=\"elementor-element elementor-element-35365bd0 elementor-widget elementor-widget-text-editor\" data-id=\"35365bd0\" data-element_type=\"widget\" data-e-type=\"widget\" data-widget_type=\"text-editor.default\">\n\t\t\t\t<div class=\"elementor-widget-container\">\n\t\t\t\t\t\t\t\t\t<p>Toulouse<\/p>\t\t\t\t\t\t\t\t<\/div>\n\t\t\t\t<\/div>\n\t\t\t\t<\/div>\n\t\t\t\t\t<\/div>\n\t\t\t\t<\/div>\n\t\t\t\t<section class=\"elementor-section elementor-top-section elementor-element elementor-element-6e57bfb7 elementor-section-boxed elementor-section-height-default elementor-section-height-default\" data-id=\"6e57bfb7\" data-element_type=\"section\" data-e-type=\"section\" data-settings=\"{&quot;background_background&quot;:&quot;classic&quot;}\">\n\t\t\t\t\t\t\t<div class=\"elementor-background-overlay\"><\/div>\n\t\t\t\t\t\t\t<div class=\"elementor-container elementor-column-gap-default\">\n\t\t\t\t\t<div class=\"elementor-column elementor-col-100 elementor-top-column elementor-element elementor-element-58270a58\" data-id=\"58270a58\" data-element_type=\"column\" data-e-type=\"column\">\n\t\t\t<div class=\"elementor-widget-wrap elementor-element-populated\">\n\t\t\t\t\t<div class=\"elementor-background-overlay\"><\/div>\n\t\t\t\t\t\t<div class=\"elementor-element elementor-element-3ea9fd39 elementor-widget elementor-widget-spacer\" data-id=\"3ea9fd39\" data-element_type=\"widget\" data-e-type=\"widget\" data-widget_type=\"spacer.default\">\n\t\t\t\t<div class=\"elementor-widget-container\">\n\t\t\t\t\t\t\t<div class=\"elementor-spacer\">\n\t\t\t<div class=\"elementor-spacer-inner\"><\/div>\n\t\t<\/div>\n\t\t\t\t\t\t<\/div>\n\t\t\t\t<\/div>\n\t\t\t\t<div class=\"elementor-element elementor-element-150590fc gallery-spacing-custom elementor-widget__width-auto elementor-widget-mobile__width-inherit elementor-widget elementor-widget-image-gallery\" data-id=\"150590fc\" data-element_type=\"widget\" data-e-type=\"widget\" data-widget_type=\"image-gallery.default\">\n\t\t\t\t<div class=\"elementor-widget-container\">\n\t\t\t\t\t\t\t<div class=\"elementor-image-gallery\">\n\t\t\t<div id='gallery-1' class='gallery galleryid-797 gallery-columns-2 gallery-size-medium_large'><figure class='gallery-item'>\n\t\t\t<div class='gallery-icon landscape'>\n\t\t\t\t<a data-elementor-open-lightbox=\"yes\" data-elementor-lightbox-slideshow=\"150590fc\" data-elementor-lightbox-title=\"r\u00e9novation appartement hautes-pyr\u00e9n\u00e9es\" data-e-action-hash=\"#elementor-action%3Aaction%3Dlightbox%26settings%3DeyJpZCI6Nzk5LCJ1cmwiOiJodHRwczpcL1wvYXJnYW5lLWNvbmNlcHRpb24uZnJcL3dwLWNvbnRlbnRcL3VwbG9hZHNcLzIwMjRcLzA5XC9MRS1CSUxMT1RBNDU1MC1IRFIuanBnIiwic2xpZGVzaG93IjoiMTUwNTkwZmMifQ%3D%3D\" href='https:\/\/argane-conception.fr\/wp-content\/uploads\/2024\/09\/LE-BILLOTA4550-HDR.jpg'><img decoding=\"async\" width=\"768\" height=\"512\" src=\"https:\/\/argane-conception.fr\/wp-content\/uploads\/2024\/09\/LE-BILLOTA4550-HDR.jpg\" class=\"attachment-medium_large size-medium_large\" alt=\"\" srcset=\"https:\/\/argane-conception.fr\/wp-content\/uploads\/2024\/09\/LE-BILLOTA4550-HDR.jpg 1280w, https:\/\/argane-conception.fr\/wp-content\/uploads\/2024\/09\/LE-BILLOTA4550-HDR-300x200.jpg 300w, https:\/\/argane-conception.fr\/wp-content\/uploads\/2024\/09\/LE-BILLOTA4550-HDR-1024x682.jpg 1024w\" sizes=\"100vw\" \/><\/a>\n\t\t\t<\/div><\/figure><figure class='gallery-item'>\n\t\t\t<div class='gallery-icon landscape'>\n\t\t\t\t<a data-elementor-open-lightbox=\"yes\" data-elementor-lightbox-slideshow=\"150590fc\" data-elementor-lightbox-title=\"r\u00e9novation commerce hautes-pyr\u00e9n\u00e9es\" data-e-action-hash=\"#elementor-action%3Aaction%3Dlightbox%26settings%3DeyJpZCI6ODAwLCJ1cmwiOiJodHRwczpcL1wvYXJnYW5lLWNvbmNlcHRpb24uZnJcL3dwLWNvbnRlbnRcL3VwbG9hZHNcLzIwMjRcLzA5XC9waG90by1kZS1nYXJkZS1MRS1CSUxMT1QuanBnIiwic2xpZGVzaG93IjoiMTUwNTkwZmMifQ%3D%3D\" href='https:\/\/argane-conception.fr\/wp-content\/uploads\/2024\/09\/photo-de-garde-LE-BILLOT.jpg'><img decoding=\"async\" width=\"768\" height=\"512\" src=\"https:\/\/argane-conception.fr\/wp-content\/uploads\/2024\/09\/photo-de-garde-LE-BILLOT.jpg\" class=\"attachment-medium_large size-medium_large\" alt=\"\" srcset=\"https:\/\/argane-conception.fr\/wp-content\/uploads\/2024\/09\/photo-de-garde-LE-BILLOT.jpg 1280w, https:\/\/argane-conception.fr\/wp-content\/uploads\/2024\/09\/photo-de-garde-LE-BILLOT-300x200.jpg 300w, https:\/\/argane-conception.fr\/wp-content\/uploads\/2024\/09\/photo-de-garde-LE-BILLOT-1024x682.jpg 1024w\" sizes=\"100vw\" \/><\/a>\n\t\t\t<\/div><\/figure><figure class='gallery-item'>\n\t\t\t<div class='gallery-icon landscape'>\n\t\t\t\t<a data-elementor-open-lightbox=\"yes\" data-elementor-lightbox-slideshow=\"150590fc\" data-elementor-lightbox-title=\"r\u00e9novation restaurant 65\" data-e-action-hash=\"#elementor-action%3Aaction%3Dlightbox%26settings%3DeyJpZCI6ODAxLCJ1cmwiOiJodHRwczpcL1wvYXJnYW5lLWNvbmNlcHRpb24uZnJcL3dwLWNvbnRlbnRcL3VwbG9hZHNcLzIwMjRcLzA5XC9MRS1CSUxMT1RBNDU1NS1IRFItMS5qcGciLCJzbGlkZXNob3ciOiIxNTA1OTBmYyJ9\" href='https:\/\/argane-conception.fr\/wp-content\/uploads\/2024\/09\/LE-BILLOTA4555-HDR-1.jpg'><img loading=\"lazy\" decoding=\"async\" width=\"768\" height=\"512\" src=\"https:\/\/argane-conception.fr\/wp-content\/uploads\/2024\/09\/LE-BILLOTA4555-HDR-1.jpg\" class=\"attachment-medium_large size-medium_large\" alt=\"\" srcset=\"https:\/\/argane-conception.fr\/wp-content\/uploads\/2024\/09\/LE-BILLOTA4555-HDR-1.jpg 1280w, https:\/\/argane-conception.fr\/wp-content\/uploads\/2024\/09\/LE-BILLOTA4555-HDR-1-300x200.jpg 300w, https:\/\/argane-conception.fr\/wp-content\/uploads\/2024\/09\/LE-BILLOTA4555-HDR-1-1024x682.jpg 1024w\" sizes=\"100vw\" \/><\/a>\n\t\t\t<\/div><\/figure><figure class='gallery-item'>\n\t\t\t<div class='gallery-icon landscape'>\n\t\t\t\t<a data-elementor-open-lightbox=\"yes\" data-elementor-lightbox-slideshow=\"150590fc\" data-elementor-lightbox-title=\"d\u00e9p\u00f4t de permis de construire Sud-ouest\" data-e-action-hash=\"#elementor-action%3Aaction%3Dlightbox%26settings%3DeyJpZCI6ODAyLCJ1cmwiOiJodHRwczpcL1wvYXJnYW5lLWNvbmNlcHRpb24uZnJcL3dwLWNvbnRlbnRcL3VwbG9hZHNcLzIwMjRcLzA5XC9MRS1CSUxMT1RBNDY1NS1IRFIuanBnIiwic2xpZGVzaG93IjoiMTUwNTkwZmMifQ%3D%3D\" href='https:\/\/argane-conception.fr\/wp-content\/uploads\/2024\/09\/LE-BILLOTA4655-HDR.jpg'><img loading=\"lazy\" decoding=\"async\" width=\"768\" height=\"623\" src=\"https:\/\/argane-conception.fr\/wp-content\/uploads\/2024\/09\/LE-BILLOTA4655-HDR.jpg\" class=\"attachment-medium_large size-medium_large\" alt=\"\" srcset=\"https:\/\/argane-conception.fr\/wp-content\/uploads\/2024\/09\/LE-BILLOTA4655-HDR.jpg 1044w, https:\/\/argane-conception.fr\/wp-content\/uploads\/2024\/09\/LE-BILLOTA4655-HDR-300x243.jpg 300w, https:\/\/argane-conception.fr\/wp-content\/uploads\/2024\/09\/LE-BILLOTA4655-HDR-1024x831.jpg 1024w\" sizes=\"100vw\" \/><\/a>\n\t\t\t<\/div><\/figure><figure class='gallery-item'>\n\t\t\t<div class='gallery-icon portrait'>\n\t\t\t\t<a data-elementor-open-lightbox=\"yes\" data-elementor-lightbox-slideshow=\"150590fc\" data-elementor-lightbox-title=\"d\u00e9p\u00f4t de permis de construire Tarbes\" data-e-action-hash=\"#elementor-action%3Aaction%3Dlightbox%26settings%3DeyJpZCI6ODAzLCJ1cmwiOiJodHRwczpcL1wvYXJnYW5lLWNvbmNlcHRpb24uZnJcL3dwLWNvbnRlbnRcL3VwbG9hZHNcLzIwMjRcLzA5XC9MRS1CSUxMT1RBNDcwMy5qcGciLCJzbGlkZXNob3ciOiIxNTA1OTBmYyJ9\" href='https:\/\/argane-conception.fr\/wp-content\/uploads\/2024\/09\/LE-BILLOTA4703.jpg'><img loading=\"lazy\" decoding=\"async\" width=\"768\" height=\"1152\" src=\"https:\/\/argane-conception.fr\/wp-content\/uploads\/2024\/09\/LE-BILLOTA4703.jpg\" class=\"attachment-medium_large size-medium_large\" alt=\"\" srcset=\"https:\/\/argane-conception.fr\/wp-content\/uploads\/2024\/09\/LE-BILLOTA4703.jpg 853w, https:\/\/argane-conception.fr\/wp-content\/uploads\/2024\/09\/LE-BILLOTA4703-200x300.jpg 200w, https:\/\/argane-conception.fr\/wp-content\/uploads\/2024\/09\/LE-BILLOTA4703-682x1024.jpg 682w\" sizes=\"100vw\" \/><\/a>\n\t\t\t<\/div><\/figure><figure class='gallery-item'>\n\t\t\t<div class='gallery-icon landscape'>\n\t\t\t\t<a data-elementor-open-lightbox=\"yes\" data-elementor-lightbox-slideshow=\"150590fc\" data-elementor-lightbox-title=\"d\u00e9p\u00f4t de permis de construire Lourdes\" data-e-action-hash=\"#elementor-action%3Aaction%3Dlightbox%26settings%3DeyJpZCI6ODA0LCJ1cmwiOiJodHRwczpcL1wvYXJnYW5lLWNvbmNlcHRpb24uZnJcL3dwLWNvbnRlbnRcL3VwbG9hZHNcLzIwMjRcLzA5XC9MRS1CSUxMT1RBNDcxMC5qcGciLCJzbGlkZXNob3ciOiIxNTA1OTBmYyJ9\" href='https:\/\/argane-conception.fr\/wp-content\/uploads\/2024\/09\/LE-BILLOTA4710.jpg'><img loading=\"lazy\" decoding=\"async\" width=\"768\" height=\"512\" src=\"https:\/\/argane-conception.fr\/wp-content\/uploads\/2024\/09\/LE-BILLOTA4710.jpg\" class=\"attachment-medium_large size-medium_large\" alt=\"\" srcset=\"https:\/\/argane-conception.fr\/wp-content\/uploads\/2024\/09\/LE-BILLOTA4710.jpg 1280w, https:\/\/argane-conception.fr\/wp-content\/uploads\/2024\/09\/LE-BILLOTA4710-300x200.jpg 300w, https:\/\/argane-conception.fr\/wp-content\/uploads\/2024\/09\/LE-BILLOTA4710-1024x682.jpg 1024w\" sizes=\"100vw\" \/><\/a>\n\t\t\t<\/div><\/figure><figure class='gallery-item'>\n\t\t\t<div class='gallery-icon landscape'>\n\t\t\t\t<a data-elementor-open-lightbox=\"yes\" data-elementor-lightbox-slideshow=\"150590fc\" data-elementor-lightbox-title=\"d\u00e9p\u00f4t de permis de construire Bagn\u00e8res-de-Bigorre\" data-e-action-hash=\"#elementor-action%3Aaction%3Dlightbox%26settings%3DeyJpZCI6ODA1LCJ1cmwiOiJodHRwczpcL1wvYXJnYW5lLWNvbmNlcHRpb24uZnJcL3dwLWNvbnRlbnRcL3VwbG9hZHNcLzIwMjRcLzA5XC9MRS1CSUxMT1RBNDcxMy5qcGciLCJzbGlkZXNob3ciOiIxNTA1OTBmYyJ9\" href='https:\/\/argane-conception.fr\/wp-content\/uploads\/2024\/09\/LE-BILLOTA4713.jpg'><img loading=\"lazy\" decoding=\"async\" width=\"768\" height=\"512\" src=\"https:\/\/argane-conception.fr\/wp-content\/uploads\/2024\/09\/LE-BILLOTA4713.jpg\" class=\"attachment-medium_large size-medium_large\" alt=\"\" srcset=\"https:\/\/argane-conception.fr\/wp-content\/uploads\/2024\/09\/LE-BILLOTA4713.jpg 1280w, https:\/\/argane-conception.fr\/wp-content\/uploads\/2024\/09\/LE-BILLOTA4713-300x200.jpg 300w, https:\/\/argane-conception.fr\/wp-content\/uploads\/2024\/09\/LE-BILLOTA4713-1024x682.jpg 1024w\" sizes=\"100vw\" \/><\/a>\n\t\t\t<\/div><\/figure><figure class='gallery-item'>\n\t\t\t<div class='gallery-icon portrait'>\n\t\t\t\t<a data-elementor-open-lightbox=\"yes\" data-elementor-lightbox-slideshow=\"150590fc\" data-elementor-lightbox-title=\"d\u00e9p\u00f4t de permis de construire hautes-pyr\u00e9n\u00e9es\" data-e-action-hash=\"#elementor-action%3Aaction%3Dlightbox%26settings%3DeyJpZCI6ODA2LCJ1cmwiOiJodHRwczpcL1wvYXJnYW5lLWNvbmNlcHRpb24uZnJcL3dwLWNvbnRlbnRcL3VwbG9hZHNcLzIwMjRcLzA5XC9MRS1CSUxMT1RBNDcxNi5qcGciLCJzbGlkZXNob3ciOiIxNTA1OTBmYyJ9\" href='https:\/\/argane-conception.fr\/wp-content\/uploads\/2024\/09\/LE-BILLOTA4716.jpg'><img loading=\"lazy\" decoding=\"async\" width=\"768\" height=\"1152\" src=\"https:\/\/argane-conception.fr\/wp-content\/uploads\/2024\/09\/LE-BILLOTA4716.jpg\" class=\"attachment-medium_large size-medium_large\" alt=\"\" srcset=\"https:\/\/argane-conception.fr\/wp-content\/uploads\/2024\/09\/LE-BILLOTA4716.jpg 853w, https:\/\/argane-conception.fr\/wp-content\/uploads\/2024\/09\/LE-BILLOTA4716-200x300.jpg 200w, https:\/\/argane-conception.fr\/wp-content\/uploads\/2024\/09\/LE-BILLOTA4716-682x1024.jpg 682w\" sizes=\"100vw\" \/><\/a>\n\t\t\t<\/div><\/figure><figure class='gallery-item'>\n\t\t\t<div class='gallery-icon landscape'>\n\t\t\t\t<a data-elementor-open-lightbox=\"yes\" data-elementor-lightbox-slideshow=\"150590fc\" data-elementor-lightbox-title=\"d\u00e9p\u00f4t de permis de construire 65\" data-e-action-hash=\"#elementor-action%3Aaction%3Dlightbox%26settings%3DeyJpZCI6ODA3LCJ1cmwiOiJodHRwczpcL1wvYXJnYW5lLWNvbmNlcHRpb24uZnJcL3dwLWNvbnRlbnRcL3VwbG9hZHNcLzIwMjRcLzA5XC9MRS1CSUxMT1RBNDcyMC5qcGciLCJzbGlkZXNob3ciOiIxNTA1OTBmYyJ9\" href='https:\/\/argane-conception.fr\/wp-content\/uploads\/2024\/09\/LE-BILLOTA4720.jpg'><img loading=\"lazy\" decoding=\"async\" width=\"768\" height=\"512\" src=\"https:\/\/argane-conception.fr\/wp-content\/uploads\/2024\/09\/LE-BILLOTA4720.jpg\" class=\"attachment-medium_large size-medium_large\" alt=\"\" srcset=\"https:\/\/argane-conception.fr\/wp-content\/uploads\/2024\/09\/LE-BILLOTA4720.jpg 1280w, https:\/\/argane-conception.fr\/wp-content\/uploads\/2024\/09\/LE-BILLOTA4720-300x200.jpg 300w, https:\/\/argane-conception.fr\/wp-content\/uploads\/2024\/09\/LE-BILLOTA4720-1024x682.jpg 1024w\" sizes=\"100vw\" \/><\/a>\n\t\t\t<\/div><\/figure><figure class='gallery-item'>\n\t\t\t<div class='gallery-icon landscape'>\n\t\t\t\t<a data-elementor-open-lightbox=\"yes\" data-elementor-lightbox-slideshow=\"150590fc\" data-elementor-lightbox-title=\"plans b\u00e2timent\" data-e-action-hash=\"#elementor-action%3Aaction%3Dlightbox%26settings%3DeyJpZCI6ODA4LCJ1cmwiOiJodHRwczpcL1wvYXJnYW5lLWNvbmNlcHRpb24uZnJcL3dwLWNvbnRlbnRcL3VwbG9hZHNcLzIwMjRcLzA5XC9MRS1CSUxMT1RBNDcyOS5qcGciLCJzbGlkZXNob3ciOiIxNTA1OTBmYyJ9\" href='https:\/\/argane-conception.fr\/wp-content\/uploads\/2024\/09\/LE-BILLOTA4729.jpg'><img loading=\"lazy\" decoding=\"async\" width=\"768\" height=\"512\" src=\"https:\/\/argane-conception.fr\/wp-content\/uploads\/2024\/09\/LE-BILLOTA4729.jpg\" class=\"attachment-medium_large size-medium_large\" alt=\"\" srcset=\"https:\/\/argane-conception.fr\/wp-content\/uploads\/2024\/09\/LE-BILLOTA4729.jpg 1280w, https:\/\/argane-conception.fr\/wp-content\/uploads\/2024\/09\/LE-BILLOTA4729-300x200.jpg 300w, https:\/\/argane-conception.fr\/wp-content\/uploads\/2024\/09\/LE-BILLOTA4729-1024x682.jpg 1024w\" sizes=\"100vw\" \/><\/a>\n\t\t\t<\/div><\/figure><figure class='gallery-item'>\n\t\t\t<div class='gallery-icon landscape'>\n\t\t\t\t<a data-elementor-open-lightbox=\"yes\" data-elementor-lightbox-slideshow=\"150590fc\" data-elementor-lightbox-title=\"plans maison\" data-e-action-hash=\"#elementor-action%3Aaction%3Dlightbox%26settings%3DeyJpZCI6ODA5LCJ1cmwiOiJodHRwczpcL1wvYXJnYW5lLWNvbmNlcHRpb24uZnJcL3dwLWNvbnRlbnRcL3VwbG9hZHNcLzIwMjRcLzA5XC9MRS1CSUxMT1RBNDc2MS1IRFIuanBnIiwic2xpZGVzaG93IjoiMTUwNTkwZmMifQ%3D%3D\" href='https:\/\/argane-conception.fr\/wp-content\/uploads\/2024\/09\/LE-BILLOTA4761-HDR.jpg'><img loading=\"lazy\" decoding=\"async\" width=\"768\" height=\"512\" src=\"https:\/\/argane-conception.fr\/wp-content\/uploads\/2024\/09\/LE-BILLOTA4761-HDR.jpg\" class=\"attachment-medium_large size-medium_large\" alt=\"\" srcset=\"https:\/\/argane-conception.fr\/wp-content\/uploads\/2024\/09\/LE-BILLOTA4761-HDR.jpg 1280w, https:\/\/argane-conception.fr\/wp-content\/uploads\/2024\/09\/LE-BILLOTA4761-HDR-300x200.jpg 300w, https:\/\/argane-conception.fr\/wp-content\/uploads\/2024\/09\/LE-BILLOTA4761-HDR-1024x682.jpg 1024w\" sizes=\"100vw\" \/><\/a>\n\t\t\t<\/div><\/figure><figure class='gallery-item'>\n\t\t\t<div class='gallery-icon landscape'>\n\t\t\t\t<a data-elementor-open-lightbox=\"yes\" data-elementor-lightbox-slideshow=\"150590fc\" data-elementor-lightbox-title=\"permis de construire\" data-e-action-hash=\"#elementor-action%3Aaction%3Dlightbox%26settings%3DeyJpZCI6ODEwLCJ1cmwiOiJodHRwczpcL1wvYXJnYW5lLWNvbmNlcHRpb24uZnJcL3dwLWNvbnRlbnRcL3VwbG9hZHNcLzIwMjRcLzA5XC9MRS1CSUxMT1RBNDc4Ny5qcGciLCJzbGlkZXNob3ciOiIxNTA1OTBmYyJ9\" href='https:\/\/argane-conception.fr\/wp-content\/uploads\/2024\/09\/LE-BILLOTA4787.jpg'><img loading=\"lazy\" decoding=\"async\" width=\"768\" height=\"512\" src=\"https:\/\/argane-conception.fr\/wp-content\/uploads\/2024\/09\/LE-BILLOTA4787.jpg\" class=\"attachment-medium_large size-medium_large\" alt=\"\" srcset=\"https:\/\/argane-conception.fr\/wp-content\/uploads\/2024\/09\/LE-BILLOTA4787.jpg 1280w, https:\/\/argane-conception.fr\/wp-content\/uploads\/2024\/09\/LE-BILLOTA4787-300x200.jpg 300w, https:\/\/argane-conception.fr\/wp-content\/uploads\/2024\/09\/LE-BILLOTA4787-1024x682.jpg 1024w\" sizes=\"100vw\" \/><\/a>\n\t\t\t<\/div><\/figure><figure class='gallery-item'>\n\t\t\t<div class='gallery-icon landscape'>\n\t\t\t\t<a data-elementor-open-lightbox=\"yes\" data-elementor-lightbox-slideshow=\"150590fc\" data-elementor-lightbox-title=\"architecte\" data-e-action-hash=\"#elementor-action%3Aaction%3Dlightbox%26settings%3DeyJpZCI6ODExLCJ1cmwiOiJodHRwczpcL1wvYXJnYW5lLWNvbmNlcHRpb24uZnJcL3dwLWNvbnRlbnRcL3VwbG9hZHNcLzIwMjRcLzA5XC9MRS1CSUxMT1RBNDc5Mi5qcGciLCJzbGlkZXNob3ciOiIxNTA1OTBmYyJ9\" href='https:\/\/argane-conception.fr\/wp-content\/uploads\/2024\/09\/LE-BILLOTA4792.jpg'><img loading=\"lazy\" decoding=\"async\" width=\"768\" height=\"512\" src=\"https:\/\/argane-conception.fr\/wp-content\/uploads\/2024\/09\/LE-BILLOTA4792.jpg\" class=\"attachment-medium_large size-medium_large\" alt=\"\" srcset=\"https:\/\/argane-conception.fr\/wp-content\/uploads\/2024\/09\/LE-BILLOTA4792.jpg 1280w, https:\/\/argane-conception.fr\/wp-content\/uploads\/2024\/09\/LE-BILLOTA4792-300x200.jpg 300w, https:\/\/argane-conception.fr\/wp-content\/uploads\/2024\/09\/LE-BILLOTA4792-1024x682.jpg 1024w\" sizes=\"100vw\" \/><\/a>\n\t\t\t<\/div><\/figure>\n\t\t<\/div>\n\t\t<\/div>\n\t\t\t\t\t\t<\/div>\n\t\t\t\t<\/div>\n\t\t\t\t\t<\/div>\n\t\t<\/div>\n\t\t\t\t\t<\/div>\n\t\t<\/section>\n\t\t\t\t<section class=\"elementor-section elementor-top-section elementor-element elementor-element-3ca0e992 elementor-section-boxed elementor-section-height-default elementor-section-height-default\" data-id=\"3ca0e992\" data-element_type=\"section\" data-e-type=\"section\" data-settings=\"{&quot;background_background&quot;:&quot;classic&quot;}\">\n\t\t\t\t\t\t\t<div class=\"elementor-background-overlay\"><\/div>\n\t\t\t\t\t\t\t<div class=\"elementor-container elementor-column-gap-default\">\n\t\t\t\t\t<div class=\"elementor-column elementor-col-100 elementor-top-column elementor-element elementor-element-3f59a369\" data-id=\"3f59a369\" data-element_type=\"column\" data-e-type=\"column\">\n\t\t\t<div class=\"elementor-widget-wrap elementor-element-populated\">\n\t\t\t\t\t\t<section class=\"elementor-section elementor-inner-section elementor-element elementor-element-a8ec2a elementor-section-boxed elementor-section-height-default elementor-section-height-default\" data-id=\"a8ec2a\" data-element_type=\"section\" data-e-type=\"section\">\n\t\t\t\t\t\t<div class=\"elementor-container elementor-column-gap-default\">\n\t\t\t\t\t<div class=\"elementor-column elementor-col-50 elementor-inner-column elementor-element elementor-element-2b2dbc6d\" data-id=\"2b2dbc6d\" data-element_type=\"column\" data-e-type=\"column\">\n\t\t\t<div class=\"elementor-widget-wrap elementor-element-populated\">\n\t\t\t\t\t\t<div class=\"elementor-element elementor-element-4bf4cef elementor-widget elementor-widget-image\" data-id=\"4bf4cef\" data-element_type=\"widget\" data-e-type=\"widget\" data-widget_type=\"image.default\">\n\t\t\t\t<div class=\"elementor-widget-container\">\n\t\t\t\t\t\t\t\t\t\t\t\t\t\t\t<img loading=\"lazy\" decoding=\"async\" width=\"950\" height=\"242\" src=\"https:\/\/argane-conception.fr\/wp-content\/uploads\/2024\/06\/ARGANE-1024x261.png\" class=\"attachment-large size-large wp-image-326\" alt=\"\" srcset=\"https:\/\/argane-conception.fr\/wp-content\/uploads\/2024\/06\/ARGANE-1024x261.png 1024w, https:\/\/argane-conception.fr\/wp-content\/uploads\/2024\/06\/ARGANE-300x77.png 300w, https:\/\/argane-conception.fr\/wp-content\/uploads\/2024\/06\/ARGANE-2000x511.png 2000w, https:\/\/argane-conception.fr\/wp-content\/uploads\/2024\/06\/ARGANE-1536x392.png 1536w, https:\/\/argane-conception.fr\/wp-content\/uploads\/2024\/06\/ARGANE-2048x523.png 2048w\" sizes=\"100vw\" \/>\t\t\t\t\t\t\t\t\t\t\t\t\t\t\t<\/div>\n\t\t\t\t<\/div>\n\t\t\t\t\t<\/div>\n\t\t<\/div>\n\t\t\t\t<div class=\"elementor-column elementor-col-50 elementor-inner-column elementor-element elementor-element-db4309f\" data-id=\"db4309f\" data-element_type=\"column\" data-e-type=\"column\">\n\t\t\t<div class=\"elementor-widget-wrap elementor-element-populated\">\n\t\t\t\t\t\t<div class=\"elementor-element elementor-element-726ae878 elementor-widget elementor-widget-heading\" data-id=\"726ae878\" data-element_type=\"widget\" data-e-type=\"widget\" data-widget_type=\"heading.default\">\n\t\t\t\t<div class=\"elementor-widget-container\">\n\t\t\t\t\t<h3 class=\"elementor-heading-title elementor-size-default\">MAIL<\/h3>\t\t\t\t<\/div>\n\t\t\t\t<\/div>\n\t\t\t\t<div class=\"elementor-element elementor-element-3ba2fec3 elementor-widget elementor-widget-heading\" data-id=\"3ba2fec3\" data-element_type=\"widget\" data-e-type=\"widget\" data-widget_type=\"heading.default\">\n\t\t\t\t<div class=\"elementor-widget-container\">\n\t\t\t\t\t<h3 class=\"elementor-heading-title elementor-size-default\"><a href=\"#\" target=\"_blank\">contact@argane-conception.fr<\/a><\/h3>\t\t\t\t<\/div>\n\t\t\t\t<\/div>\n\t\t\t\t<div class=\"elementor-element elementor-element-43cfe5f6 elementor-widget elementor-widget-heading\" data-id=\"43cfe5f6\" data-element_type=\"widget\" data-e-type=\"widget\" data-widget_type=\"heading.default\">\n\t\t\t\t<div class=\"elementor-widget-container\">\n\t\t\t\t\t<h3 class=\"elementor-heading-title elementor-size-default\">T\u00c9L\u00c9PHONE<\/h3>\t\t\t\t<\/div>\n\t\t\t\t<\/div>\n\t\t\t\t<div class=\"elementor-element elementor-element-7a7092a elementor-widget elementor-widget-heading\" data-id=\"7a7092a\" data-element_type=\"widget\" data-e-type=\"widget\" data-widget_type=\"heading.default\">\n\t\t\t\t<div class=\"elementor-widget-container\">\n\t\t\t\t\t<h3 class=\"elementor-heading-title elementor-size-default\"><a href=\"#\" target=\"_blank\">06 80 81 93 95\n<\/a><\/h3>\t\t\t\t<\/div>\n\t\t\t\t<\/div>\n\t\t\t\t<div class=\"elementor-element elementor-element-288010c elementor-widget elementor-widget-heading\" data-id=\"288010c\" data-element_type=\"widget\" data-e-type=\"widget\" data-widget_type=\"heading.default\">\n\t\t\t\t<div class=\"elementor-widget-container\">\n\t\t\t\t\t<h3 class=\"elementor-heading-title elementor-size-default\">SUIVEZ-NOUS<\/h3>\t\t\t\t<\/div>\n\t\t\t\t<\/div>\n\t\t\t\t<div class=\"elementor-element elementor-element-1090db7f elementor-shape-rounded elementor-grid-0 e-grid-align-center elementor-widget elementor-widget-social-icons\" data-id=\"1090db7f\" data-element_type=\"widget\" data-e-type=\"widget\" data-widget_type=\"social-icons.default\">\n\t\t\t\t<div class=\"elementor-widget-container\">\n\t\t\t\t\t\t\t<div class=\"elementor-social-icons-wrapper elementor-grid\">\n\t\t\t\t\t\t\t<span class=\"elementor-grid-item\">\n\t\t\t\t\t<a class=\"elementor-icon elementor-social-icon elementor-social-icon-instagram elementor-animation-grow elementor-repeater-item-d550229\" href=\"https:\/\/www.instagram.com\/kokon_conception\/\" target=\"_blank\">\n\t\t\t\t\t\t<span class=\"elementor-screen-only\">Instagram<\/span>\n\t\t\t\t\t\t<svg aria-hidden=\"true\" class=\"e-font-icon-svg e-fab-instagram\" viewBox=\"0 0 448 512\" xmlns=\"http:\/\/www.w3.org\/2000\/svg\"><path d=\"M224.1 141c-63.6 0-114.9 51.3-114.9 114.9s51.3 114.9 114.9 114.9S339 319.5 339 255.9 287.7 141 224.1 141zm0 189.6c-41.1 0-74.7-33.5-74.7-74.7s33.5-74.7 74.7-74.7 74.7 33.5 74.7 74.7-33.6 74.7-74.7 74.7zm146.4-194.3c0 14.9-12 26.8-26.8 26.8-14.9 0-26.8-12-26.8-26.8s12-26.8 26.8-26.8 26.8 12 26.8 26.8zm76.1 27.2c-1.7-35.9-9.9-67.7-36.2-93.9-26.2-26.2-58-34.4-93.9-36.2-37-2.1-147.9-2.1-184.9 0-35.8 1.7-67.6 9.9-93.9 36.1s-34.4 58-36.2 93.9c-2.1 37-2.1 147.9 0 184.9 1.7 35.9 9.9 67.7 36.2 93.9s58 34.4 93.9 36.2c37 2.1 147.9 2.1 184.9 0 35.9-1.7 67.7-9.9 93.9-36.2 26.2-26.2 34.4-58 36.2-93.9 2.1-37 2.1-147.8 0-184.8zM398.8 388c-7.8 19.6-22.9 34.7-42.6 42.6-29.5 11.7-99.5 9-132.1 9s-102.7 2.6-132.1-9c-19.6-7.8-34.7-22.9-42.6-42.6-11.7-29.5-9-99.5-9-132.1s-2.6-102.7 9-132.1c7.8-19.6 22.9-34.7 42.6-42.6 29.5-11.7 99.5-9 132.1-9s102.7-2.6 132.1 9c19.6 7.8 34.7 22.9 42.6 42.6 11.7 29.5 9 99.5 9 132.1s2.7 102.7-9 132.1z\"><\/path><\/svg>\t\t\t\t\t<\/a>\n\t\t\t\t<\/span>\n\t\t\t\t\t<\/div>\n\t\t\t\t\t\t<\/div>\n\t\t\t\t<\/div>\n\t\t\t\t\t<\/div>\n\t\t<\/div>\n\t\t\t\t\t<\/div>\n\t\t<\/section>\n\t\t\t\t\t<\/div>\n\t\t<\/div>\n\t\t\t\t\t<\/div>\n\t\t<\/section>\n\t\t\t\t<\/div>\n\t\t","protected":false},"excerpt":{"rendered":"<p>LE BILLOT Toulouse MAIL contact@argane-conception.fr T\u00c9L\u00c9PHONE 06 80 81 93 95 SUIVEZ-NOUS Instagram<\/p>\n","protected":false},"author":1,"featured_media":0,"parent":0,"menu_order":0,"comment_status":"closed","ping_status":"closed","template":"elementor_header_footer","meta":{"footnotes":""},"class_list":["post-797","page","type-page","status-publish","hentry"],"_links":{"self":[{"href":"https:\/\/argane-conception.fr\/index.php\/wp-json\/wp\/v2\/pages\/797","targetHints":{"allow":["GET"]}}],"collection":[{"href":"https:\/\/argane-conception.fr\/index.php\/wp-json\/wp\/v2\/pages"}],"about":[{"href":"https:\/\/argane-conception.fr\/index.php\/wp-json\/wp\/v2\/types\/page"}],"author":[{"embeddable":true,"href":"https:\/\/argane-conception.fr\/index.php\/wp-json\/wp\/v2\/users\/1"}],"replies":[{"embeddable":true,"href":"https:\/\/argane-conception.fr\/index.php\/wp-json\/wp\/v2\/comments?post=797"}],"version-history":[{"count":11,"href":"https:\/\/argane-conception.fr\/index.php\/wp-json\/wp\/v2\/pages\/797\/revisions"}],"predecessor-version":[{"id":1040,"href":"https:\/\/argane-conception.fr\/index.php\/wp-json\/wp\/v2\/pages\/797\/revisions\/1040"}],"wp:attachment":[{"href":"https:\/\/argane-conception.fr\/index.php\/wp-json\/wp\/v2\/media?parent=797"}],"curies":[{"name":"wp","href":"https:\/\/api.w.org\/{rel}","templated":true}]}}