{"id":819,"date":"2024-09-27T16:36:10","date_gmt":"2024-09-27T14:36:10","guid":{"rendered":"https:\/\/argane-conception.fr\/?page_id=819"},"modified":"2024-11-21T15:44:59","modified_gmt":"2024-11-21T14:44:59","slug":"dandy","status":"publish","type":"page","link":"https:\/\/argane-conception.fr\/index.php\/dandy\/","title":{"rendered":"DANDY"},"content":{"rendered":"\t\t<div data-elementor-type=\"wp-page\" data-elementor-id=\"819\" class=\"elementor elementor-819\">\n\t\t\t\t<div class=\"elementor-element elementor-element-3ebc25d8 e-flex e-con-boxed e-con e-parent\" data-id=\"3ebc25d8\" data-element_type=\"container\" data-e-type=\"container\">\n\t\t\t\t\t<div class=\"e-con-inner\">\n\t\t<div class=\"elementor-element elementor-element-27359416 e-con-full e-flex e-con e-child\" data-id=\"27359416\" data-element_type=\"container\" data-e-type=\"container\">\n\t\t\t\t<div class=\"elementor-element elementor-element-101d2d24 elementor-widget elementor-widget-image\" data-id=\"101d2d24\" data-element_type=\"widget\" data-e-type=\"widget\" data-widget_type=\"image.default\">\n\t\t\t\t<div class=\"elementor-widget-container\">\n\t\t\t\t\t\t\t\t\t\t\t\t\t\t\t<img fetchpriority=\"high\" decoding=\"async\" width=\"300\" height=\"300\" src=\"https:\/\/argane-conception.fr\/wp-content\/uploads\/2024\/09\/4-2-300x300.png\" class=\"attachment-medium size-medium wp-image-662\" alt=\"\" srcset=\"https:\/\/argane-conception.fr\/wp-content\/uploads\/2024\/09\/4-2-300x300.png 300w, https:\/\/argane-conception.fr\/wp-content\/uploads\/2024\/09\/4-2-150x150.png 150w, https:\/\/argane-conception.fr\/wp-content\/uploads\/2024\/09\/4-2.png 500w\" sizes=\"100vw\" \/>\t\t\t\t\t\t\t\t\t\t\t\t\t\t\t<\/div>\n\t\t\t\t<\/div>\n\t\t\t\t<\/div>\n\t\t<div class=\"elementor-element elementor-element-70d20509 e-con-full e-flex e-con e-child\" data-id=\"70d20509\" data-element_type=\"container\" data-e-type=\"container\">\n\t\t\t\t<div class=\"elementor-element elementor-element-751d3b0a elementor-widget elementor-widget-heading\" data-id=\"751d3b0a\" data-element_type=\"widget\" data-e-type=\"widget\" data-widget_type=\"heading.default\">\n\t\t\t\t<div class=\"elementor-widget-container\">\n\t\t\t\t\t<h2 class=\"elementor-heading-title elementor-size-default\">DANDY<\/h2>\t\t\t\t<\/div>\n\t\t\t\t<\/div>\n\t\t\t\t<div class=\"elementor-element elementor-element-38282254 elementor-widget elementor-widget-text-editor\" data-id=\"38282254\" data-element_type=\"widget\" data-e-type=\"widget\" data-widget_type=\"text-editor.default\">\n\t\t\t\t<div class=\"elementor-widget-container\">\n\t\t\t\t\t\t\t\t\t<p>Bagn\u00e8res-de-Bigorre<\/p>\t\t\t\t\t\t\t\t<\/div>\n\t\t\t\t<\/div>\n\t\t\t\t<\/div>\n\t\t\t\t\t<\/div>\n\t\t\t\t<\/div>\n\t\t\t\t<section class=\"elementor-section elementor-top-section elementor-element elementor-element-154df2c6 elementor-section-boxed elementor-section-height-default elementor-section-height-default\" data-id=\"154df2c6\" data-element_type=\"section\" data-e-type=\"section\" data-settings=\"{&quot;background_background&quot;:&quot;classic&quot;}\">\n\t\t\t\t\t\t\t<div class=\"elementor-background-overlay\"><\/div>\n\t\t\t\t\t\t\t<div class=\"elementor-container elementor-column-gap-default\">\n\t\t\t\t\t<div class=\"elementor-column elementor-col-100 elementor-top-column elementor-element elementor-element-295e814e\" data-id=\"295e814e\" data-element_type=\"column\" data-e-type=\"column\">\n\t\t\t<div class=\"elementor-widget-wrap elementor-element-populated\">\n\t\t\t\t\t\t<div class=\"elementor-element elementor-element-1ac1072b elementor-widget elementor-widget-spacer\" data-id=\"1ac1072b\" data-element_type=\"widget\" data-e-type=\"widget\" data-widget_type=\"spacer.default\">\n\t\t\t\t<div class=\"elementor-widget-container\">\n\t\t\t\t\t\t\t<div class=\"elementor-spacer\">\n\t\t\t<div class=\"elementor-spacer-inner\"><\/div>\n\t\t<\/div>\n\t\t\t\t\t\t<\/div>\n\t\t\t\t<\/div>\n\t\t\t\t<div class=\"elementor-element elementor-element-ffe75a8 gallery-spacing-custom elementor-widget__width-auto elementor-widget-mobile__width-inherit elementor-widget elementor-widget-image-gallery\" data-id=\"ffe75a8\" data-element_type=\"widget\" data-e-type=\"widget\" data-widget_type=\"image-gallery.default\">\n\t\t\t\t<div class=\"elementor-widget-container\">\n\t\t\t\t\t\t\t<div class=\"elementor-image-gallery\">\n\t\t\t<div id='gallery-1' class='gallery galleryid-819 gallery-columns-2 gallery-size-medium_large'><figure class='gallery-item'>\n\t\t\t<div class='gallery-icon portrait'>\n\t\t\t\t<a data-elementor-open-lightbox=\"yes\" data-elementor-lightbox-slideshow=\"ffe75a8\" data-elementor-lightbox-title=\"entreprise architecture int\u00e9rieur\" data-e-action-hash=\"#elementor-action%3Aaction%3Dlightbox%26settings%3DeyJpZCI6ODIxLCJ1cmwiOiJodHRwczpcL1wvYXJnYW5lLWNvbmNlcHRpb24uZnJcL3dwLWNvbnRlbnRcL3VwbG9hZHNcLzIwMjRcLzA5XC9EQU5EWV84NDcxLWNvcGllLXNjYWxlZC5qcGciLCJzbGlkZXNob3ciOiJmZmU3NWE4In0%3D\" href='https:\/\/argane-conception.fr\/wp-content\/uploads\/2024\/09\/DANDY_8471-copie-scaled.jpg'><img decoding=\"async\" width=\"768\" height=\"1024\" src=\"https:\/\/argane-conception.fr\/wp-content\/uploads\/2024\/09\/DANDY_8471-copie-scaled.jpg\" class=\"attachment-medium_large size-medium_large\" alt=\"\" srcset=\"https:\/\/argane-conception.fr\/wp-content\/uploads\/2024\/09\/DANDY_8471-copie-scaled.jpg 1920w, https:\/\/argane-conception.fr\/wp-content\/uploads\/2024\/09\/DANDY_8471-copie-225x300.jpg 225w, https:\/\/argane-conception.fr\/wp-content\/uploads\/2024\/09\/DANDY_8471-copie-768x1024.jpg 768w, https:\/\/argane-conception.fr\/wp-content\/uploads\/2024\/09\/DANDY_8471-copie-2000x2667.jpg 2000w\" sizes=\"100vw\" \/><\/a>\n\t\t\t<\/div><\/figure><figure class='gallery-item'>\n\t\t\t<div class='gallery-icon portrait'>\n\t\t\t\t<a data-elementor-open-lightbox=\"yes\" data-elementor-lightbox-slideshow=\"ffe75a8\" data-elementor-lightbox-title=\"entreprise home staging\" data-e-action-hash=\"#elementor-action%3Aaction%3Dlightbox%26settings%3DeyJpZCI6ODIyLCJ1cmwiOiJodHRwczpcL1wvYXJnYW5lLWNvbmNlcHRpb24uZnJcL3dwLWNvbnRlbnRcL3VwbG9hZHNcLzIwMjRcLzA5XC9EQU5EWV8xMDc5LTItMS1zY2FsZWQuanBnIiwic2xpZGVzaG93IjoiZmZlNzVhOCJ9\" href='https:\/\/argane-conception.fr\/wp-content\/uploads\/2024\/09\/DANDY_1079-2-1-scaled.jpg'><img decoding=\"async\" width=\"768\" height=\"1024\" src=\"https:\/\/argane-conception.fr\/wp-content\/uploads\/2024\/09\/DANDY_1079-2-1-scaled.jpg\" class=\"attachment-medium_large size-medium_large\" alt=\"\" srcset=\"https:\/\/argane-conception.fr\/wp-content\/uploads\/2024\/09\/DANDY_1079-2-1-scaled.jpg 1920w, https:\/\/argane-conception.fr\/wp-content\/uploads\/2024\/09\/DANDY_1079-2-1-225x300.jpg 225w, https:\/\/argane-conception.fr\/wp-content\/uploads\/2024\/09\/DANDY_1079-2-1-768x1024.jpg 768w, https:\/\/argane-conception.fr\/wp-content\/uploads\/2024\/09\/DANDY_1079-2-1-2000x2666.jpg 2000w, https:\/\/argane-conception.fr\/wp-content\/uploads\/2024\/09\/DANDY_1079-2-1-scaled-1152x1536.jpg 1152w, https:\/\/argane-conception.fr\/wp-content\/uploads\/2024\/09\/DANDY_1079-2-1-scaled-1536x2048.jpg 1536w\" sizes=\"100vw\" \/><\/a>\n\t\t\t<\/div><\/figure><figure class='gallery-item'>\n\t\t\t<div class='gallery-icon portrait'>\n\t\t\t\t<a data-elementor-open-lightbox=\"yes\" data-elementor-lightbox-slideshow=\"ffe75a8\" data-elementor-lightbox-title=\"entreprise construction maison\" data-e-action-hash=\"#elementor-action%3Aaction%3Dlightbox%26settings%3DeyJpZCI6ODIzLCJ1cmwiOiJodHRwczpcL1wvYXJnYW5lLWNvbmNlcHRpb24uZnJcL3dwLWNvbnRlbnRcL3VwbG9hZHNcLzIwMjRcLzA5XC9EQU5EWV84NDU3LXNjYWxlZC5qcGciLCJzbGlkZXNob3ciOiJmZmU3NWE4In0%3D\" href='https:\/\/argane-conception.fr\/wp-content\/uploads\/2024\/09\/DANDY_8457-scaled.jpg'><img loading=\"lazy\" decoding=\"async\" width=\"768\" height=\"1024\" src=\"https:\/\/argane-conception.fr\/wp-content\/uploads\/2024\/09\/DANDY_8457-scaled.jpg\" class=\"attachment-medium_large size-medium_large\" alt=\"\" srcset=\"https:\/\/argane-conception.fr\/wp-content\/uploads\/2024\/09\/DANDY_8457-scaled.jpg 1920w, https:\/\/argane-conception.fr\/wp-content\/uploads\/2024\/09\/DANDY_8457-225x300.jpg 225w, https:\/\/argane-conception.fr\/wp-content\/uploads\/2024\/09\/DANDY_8457-768x1024.jpg 768w, https:\/\/argane-conception.fr\/wp-content\/uploads\/2024\/09\/DANDY_8457-2000x2667.jpg 2000w\" sizes=\"100vw\" \/><\/a>\n\t\t\t<\/div><\/figure><figure class='gallery-item'>\n\t\t\t<div class='gallery-icon portrait'>\n\t\t\t\t<a data-elementor-open-lightbox=\"yes\" data-elementor-lightbox-slideshow=\"ffe75a8\" data-elementor-lightbox-title=\"entreprise construction maison Pau\" data-e-action-hash=\"#elementor-action%3Aaction%3Dlightbox%26settings%3DeyJpZCI6ODI0LCJ1cmwiOiJodHRwczpcL1wvYXJnYW5lLWNvbmNlcHRpb24uZnJcL3dwLWNvbnRlbnRcL3VwbG9hZHNcLzIwMjRcLzA5XC9EQU5EWV84NDUzLXNjYWxlZC5qcGciLCJzbGlkZXNob3ciOiJmZmU3NWE4In0%3D\" href='https:\/\/argane-conception.fr\/wp-content\/uploads\/2024\/09\/DANDY_8453-scaled.jpg'><img loading=\"lazy\" decoding=\"async\" width=\"768\" height=\"1024\" src=\"https:\/\/argane-conception.fr\/wp-content\/uploads\/2024\/09\/DANDY_8453-scaled.jpg\" class=\"attachment-medium_large size-medium_large\" alt=\"\" srcset=\"https:\/\/argane-conception.fr\/wp-content\/uploads\/2024\/09\/DANDY_8453-scaled.jpg 1920w, https:\/\/argane-conception.fr\/wp-content\/uploads\/2024\/09\/DANDY_8453-225x300.jpg 225w, https:\/\/argane-conception.fr\/wp-content\/uploads\/2024\/09\/DANDY_8453-768x1024.jpg 768w, https:\/\/argane-conception.fr\/wp-content\/uploads\/2024\/09\/DANDY_8453-2000x2667.jpg 2000w\" sizes=\"100vw\" \/><\/a>\n\t\t\t<\/div><\/figure><figure class='gallery-item'>\n\t\t\t<div class='gallery-icon landscape'>\n\t\t\t\t<a data-elementor-open-lightbox=\"yes\" data-elementor-lightbox-slideshow=\"ffe75a8\" data-elementor-lightbox-title=\"entreprise construction maison Toulouse\" data-e-action-hash=\"#elementor-action%3Aaction%3Dlightbox%26settings%3DeyJpZCI6ODI1LCJ1cmwiOiJodHRwczpcL1wvYXJnYW5lLWNvbmNlcHRpb24uZnJcL3dwLWNvbnRlbnRcL3VwbG9hZHNcLzIwMjRcLzA5XC9EQU5EWV8zNDIyLXNjYWxlZC5qcGciLCJzbGlkZXNob3ciOiJmZmU3NWE4In0%3D\" href='https:\/\/argane-conception.fr\/wp-content\/uploads\/2024\/09\/DANDY_3422-scaled.jpg'><img loading=\"lazy\" decoding=\"async\" width=\"768\" height=\"576\" src=\"https:\/\/argane-conception.fr\/wp-content\/uploads\/2024\/09\/DANDY_3422-scaled.jpg\" class=\"attachment-medium_large size-medium_large\" alt=\"\" srcset=\"https:\/\/argane-conception.fr\/wp-content\/uploads\/2024\/09\/DANDY_3422-scaled.jpg 2560w, https:\/\/argane-conception.fr\/wp-content\/uploads\/2024\/09\/DANDY_3422-300x225.jpg 300w, https:\/\/argane-conception.fr\/wp-content\/uploads\/2024\/09\/DANDY_3422-1024x768.jpg 1024w, https:\/\/argane-conception.fr\/wp-content\/uploads\/2024\/09\/DANDY_3422-2000x1500.jpg 2000w\" sizes=\"100vw\" \/><\/a>\n\t\t\t<\/div><\/figure><figure class='gallery-item'>\n\t\t\t<div class='gallery-icon portrait'>\n\t\t\t\t<a data-elementor-open-lightbox=\"yes\" data-elementor-lightbox-slideshow=\"ffe75a8\" data-elementor-lightbox-title=\"entreprise construction maison Lourdes\" data-e-action-hash=\"#elementor-action%3Aaction%3Dlightbox%26settings%3DeyJpZCI6ODI2LCJ1cmwiOiJodHRwczpcL1wvYXJnYW5lLWNvbmNlcHRpb24uZnJcL3dwLWNvbnRlbnRcL3VwbG9hZHNcLzIwMjRcLzA5XC9EQU5EWV8xMjU2LXNjYWxlZC5qcGciLCJzbGlkZXNob3ciOiJmZmU3NWE4In0%3D\" href='https:\/\/argane-conception.fr\/wp-content\/uploads\/2024\/09\/DANDY_1256-scaled.jpg'><img loading=\"lazy\" decoding=\"async\" width=\"768\" height=\"1024\" src=\"https:\/\/argane-conception.fr\/wp-content\/uploads\/2024\/09\/DANDY_1256-scaled.jpg\" class=\"attachment-medium_large size-medium_large\" alt=\"\" srcset=\"https:\/\/argane-conception.fr\/wp-content\/uploads\/2024\/09\/DANDY_1256-scaled.jpg 1920w, https:\/\/argane-conception.fr\/wp-content\/uploads\/2024\/09\/DANDY_1256-225x300.jpg 225w, https:\/\/argane-conception.fr\/wp-content\/uploads\/2024\/09\/DANDY_1256-768x1024.jpg 768w, https:\/\/argane-conception.fr\/wp-content\/uploads\/2024\/09\/DANDY_1256-2000x2667.jpg 2000w\" sizes=\"100vw\" \/><\/a>\n\t\t\t<\/div><\/figure><figure class='gallery-item'>\n\t\t\t<div class='gallery-icon portrait'>\n\t\t\t\t<a data-elementor-open-lightbox=\"yes\" data-elementor-lightbox-slideshow=\"ffe75a8\" data-elementor-lightbox-title=\"entreprise construction maison\" data-e-action-hash=\"#elementor-action%3Aaction%3Dlightbox%26settings%3DeyJpZCI6ODI3LCJ1cmwiOiJodHRwczpcL1wvYXJnYW5lLWNvbmNlcHRpb24uZnJcL3dwLWNvbnRlbnRcL3VwbG9hZHNcLzIwMjRcLzA5XC9EQU5EWV8xMjUxLXNjYWxlZC5qcGciLCJzbGlkZXNob3ciOiJmZmU3NWE4In0%3D\" href='https:\/\/argane-conception.fr\/wp-content\/uploads\/2024\/09\/DANDY_1251-scaled.jpg'><img loading=\"lazy\" decoding=\"async\" width=\"768\" height=\"1024\" src=\"https:\/\/argane-conception.fr\/wp-content\/uploads\/2024\/09\/DANDY_1251-scaled.jpg\" class=\"attachment-medium_large size-medium_large\" alt=\"\" srcset=\"https:\/\/argane-conception.fr\/wp-content\/uploads\/2024\/09\/DANDY_1251-scaled.jpg 1920w, https:\/\/argane-conception.fr\/wp-content\/uploads\/2024\/09\/DANDY_1251-225x300.jpg 225w, https:\/\/argane-conception.fr\/wp-content\/uploads\/2024\/09\/DANDY_1251-768x1024.jpg 768w, https:\/\/argane-conception.fr\/wp-content\/uploads\/2024\/09\/DANDY_1251-2000x2667.jpg 2000w\" sizes=\"100vw\" \/><\/a>\n\t\t\t<\/div><\/figure><figure class='gallery-item'>\n\t\t\t<div class='gallery-icon portrait'>\n\t\t\t\t<a data-elementor-open-lightbox=\"yes\" data-elementor-lightbox-slideshow=\"ffe75a8\" data-elementor-lightbox-title=\"entreprise construction maison hautes-pyr\u00e9n\u00e9es\" data-e-action-hash=\"#elementor-action%3Aaction%3Dlightbox%26settings%3DeyJpZCI6ODI4LCJ1cmwiOiJodHRwczpcL1wvYXJnYW5lLWNvbmNlcHRpb24uZnJcL3dwLWNvbnRlbnRcL3VwbG9hZHNcLzIwMjRcLzA5XC9EQU5EWV8xMjQwLXNjYWxlZC5qcGciLCJzbGlkZXNob3ciOiJmZmU3NWE4In0%3D\" href='https:\/\/argane-conception.fr\/wp-content\/uploads\/2024\/09\/DANDY_1240-scaled.jpg'><img loading=\"lazy\" decoding=\"async\" width=\"768\" height=\"1024\" src=\"https:\/\/argane-conception.fr\/wp-content\/uploads\/2024\/09\/DANDY_1240-scaled.jpg\" class=\"attachment-medium_large size-medium_large\" alt=\"\" srcset=\"https:\/\/argane-conception.fr\/wp-content\/uploads\/2024\/09\/DANDY_1240-scaled.jpg 1920w, https:\/\/argane-conception.fr\/wp-content\/uploads\/2024\/09\/DANDY_1240-225x300.jpg 225w, https:\/\/argane-conception.fr\/wp-content\/uploads\/2024\/09\/DANDY_1240-768x1024.jpg 768w, https:\/\/argane-conception.fr\/wp-content\/uploads\/2024\/09\/DANDY_1240-2000x2667.jpg 2000w\" sizes=\"100vw\" \/><\/a>\n\t\t\t<\/div><\/figure><figure class='gallery-item'>\n\t\t\t<div class='gallery-icon portrait'>\n\t\t\t\t<a data-elementor-open-lightbox=\"yes\" data-elementor-lightbox-slideshow=\"ffe75a8\" data-elementor-lightbox-title=\"entreprise construction maison 65\" data-e-action-hash=\"#elementor-action%3Aaction%3Dlightbox%26settings%3DeyJpZCI6ODI5LCJ1cmwiOiJodHRwczpcL1wvYXJnYW5lLWNvbmNlcHRpb24uZnJcL3dwLWNvbnRlbnRcL3VwbG9hZHNcLzIwMjRcLzA5XC9EQU5EWV8xMjIzLXNjYWxlZC5qcGciLCJzbGlkZXNob3ciOiJmZmU3NWE4In0%3D\" href='https:\/\/argane-conception.fr\/wp-content\/uploads\/2024\/09\/DANDY_1223-scaled.jpg'><img loading=\"lazy\" decoding=\"async\" width=\"768\" height=\"1024\" src=\"https:\/\/argane-conception.fr\/wp-content\/uploads\/2024\/09\/DANDY_1223-scaled.jpg\" class=\"attachment-medium_large size-medium_large\" alt=\"\" srcset=\"https:\/\/argane-conception.fr\/wp-content\/uploads\/2024\/09\/DANDY_1223-scaled.jpg 1920w, https:\/\/argane-conception.fr\/wp-content\/uploads\/2024\/09\/DANDY_1223-225x300.jpg 225w, https:\/\/argane-conception.fr\/wp-content\/uploads\/2024\/09\/DANDY_1223-768x1024.jpg 768w, https:\/\/argane-conception.fr\/wp-content\/uploads\/2024\/09\/DANDY_1223-2000x2667.jpg 2000w\" sizes=\"100vw\" \/><\/a>\n\t\t\t<\/div><\/figure>\n\t\t<\/div>\n\t\t<\/div>\n\t\t\t\t\t\t<\/div>\n\t\t\t\t<\/div>\n\t\t\t\t\t<\/div>\n\t\t<\/div>\n\t\t\t\t\t<\/div>\n\t\t<\/section>\n\t\t\t\t<section class=\"elementor-section elementor-top-section elementor-element elementor-element-4791a8e6 elementor-section-boxed elementor-section-height-default elementor-section-height-default\" data-id=\"4791a8e6\" data-element_type=\"section\" data-e-type=\"section\" data-settings=\"{&quot;background_background&quot;:&quot;classic&quot;}\">\n\t\t\t\t\t\t\t<div class=\"elementor-background-overlay\"><\/div>\n\t\t\t\t\t\t\t<div class=\"elementor-container elementor-column-gap-default\">\n\t\t\t\t\t<div class=\"elementor-column elementor-col-100 elementor-top-column elementor-element elementor-element-7d881dc2\" data-id=\"7d881dc2\" data-element_type=\"column\" data-e-type=\"column\">\n\t\t\t<div class=\"elementor-widget-wrap elementor-element-populated\">\n\t\t\t\t\t\t<section class=\"elementor-section elementor-inner-section elementor-element elementor-element-86631b6 elementor-section-boxed elementor-section-height-default elementor-section-height-default\" data-id=\"86631b6\" data-element_type=\"section\" data-e-type=\"section\">\n\t\t\t\t\t\t<div class=\"elementor-container elementor-column-gap-default\">\n\t\t\t\t\t<div class=\"elementor-column elementor-col-50 elementor-inner-column elementor-element elementor-element-38cd552f\" data-id=\"38cd552f\" data-element_type=\"column\" data-e-type=\"column\">\n\t\t\t<div class=\"elementor-widget-wrap elementor-element-populated\">\n\t\t\t\t\t\t<div class=\"elementor-element elementor-element-5f55475b elementor-widget elementor-widget-image\" data-id=\"5f55475b\" data-element_type=\"widget\" data-e-type=\"widget\" data-widget_type=\"image.default\">\n\t\t\t\t<div class=\"elementor-widget-container\">\n\t\t\t\t\t\t\t\t\t\t\t\t\t\t\t<img loading=\"lazy\" decoding=\"async\" width=\"950\" height=\"242\" src=\"https:\/\/argane-conception.fr\/wp-content\/uploads\/2024\/06\/ARGANE-1024x261.png\" class=\"attachment-large size-large wp-image-326\" alt=\"\" srcset=\"https:\/\/argane-conception.fr\/wp-content\/uploads\/2024\/06\/ARGANE-1024x261.png 1024w, https:\/\/argane-conception.fr\/wp-content\/uploads\/2024\/06\/ARGANE-300x77.png 300w, https:\/\/argane-conception.fr\/wp-content\/uploads\/2024\/06\/ARGANE-2000x511.png 2000w, https:\/\/argane-conception.fr\/wp-content\/uploads\/2024\/06\/ARGANE-1536x392.png 1536w, https:\/\/argane-conception.fr\/wp-content\/uploads\/2024\/06\/ARGANE-2048x523.png 2048w\" sizes=\"100vw\" \/>\t\t\t\t\t\t\t\t\t\t\t\t\t\t\t<\/div>\n\t\t\t\t<\/div>\n\t\t\t\t\t<\/div>\n\t\t<\/div>\n\t\t\t\t<div class=\"elementor-column elementor-col-50 elementor-inner-column elementor-element elementor-element-38ae3f61\" data-id=\"38ae3f61\" data-element_type=\"column\" data-e-type=\"column\">\n\t\t\t<div class=\"elementor-widget-wrap elementor-element-populated\">\n\t\t\t\t\t\t<div class=\"elementor-element elementor-element-566d52da elementor-widget elementor-widget-heading\" data-id=\"566d52da\" data-element_type=\"widget\" data-e-type=\"widget\" data-widget_type=\"heading.default\">\n\t\t\t\t<div class=\"elementor-widget-container\">\n\t\t\t\t\t<h3 class=\"elementor-heading-title elementor-size-default\">MAIL<\/h3>\t\t\t\t<\/div>\n\t\t\t\t<\/div>\n\t\t\t\t<div class=\"elementor-element elementor-element-2a41c2ee elementor-widget elementor-widget-heading\" data-id=\"2a41c2ee\" data-element_type=\"widget\" data-e-type=\"widget\" data-widget_type=\"heading.default\">\n\t\t\t\t<div class=\"elementor-widget-container\">\n\t\t\t\t\t<h3 class=\"elementor-heading-title elementor-size-default\"><a href=\"#\" target=\"_blank\">contact@argane-conception.fr<\/a><\/h3>\t\t\t\t<\/div>\n\t\t\t\t<\/div>\n\t\t\t\t<div class=\"elementor-element elementor-element-183bf521 elementor-widget elementor-widget-heading\" data-id=\"183bf521\" data-element_type=\"widget\" data-e-type=\"widget\" data-widget_type=\"heading.default\">\n\t\t\t\t<div class=\"elementor-widget-container\">\n\t\t\t\t\t<h3 class=\"elementor-heading-title elementor-size-default\">T\u00c9L\u00c9PHONE<\/h3>\t\t\t\t<\/div>\n\t\t\t\t<\/div>\n\t\t\t\t<div class=\"elementor-element elementor-element-405e4f60 elementor-widget elementor-widget-heading\" data-id=\"405e4f60\" data-element_type=\"widget\" data-e-type=\"widget\" data-widget_type=\"heading.default\">\n\t\t\t\t<div class=\"elementor-widget-container\">\n\t\t\t\t\t<h3 class=\"elementor-heading-title elementor-size-default\"><a href=\"#\" target=\"_blank\">06 80 81 93 95\n<\/a><\/h3>\t\t\t\t<\/div>\n\t\t\t\t<\/div>\n\t\t\t\t<div class=\"elementor-element elementor-element-2900e5b elementor-widget elementor-widget-heading\" data-id=\"2900e5b\" data-element_type=\"widget\" data-e-type=\"widget\" data-widget_type=\"heading.default\">\n\t\t\t\t<div class=\"elementor-widget-container\">\n\t\t\t\t\t<h3 class=\"elementor-heading-title elementor-size-default\">SUIVEZ-NOUS<\/h3>\t\t\t\t<\/div>\n\t\t\t\t<\/div>\n\t\t\t\t<div class=\"elementor-element elementor-element-6720bc74 elementor-shape-rounded elementor-grid-0 e-grid-align-center elementor-widget elementor-widget-social-icons\" data-id=\"6720bc74\" data-element_type=\"widget\" data-e-type=\"widget\" data-widget_type=\"social-icons.default\">\n\t\t\t\t<div class=\"elementor-widget-container\">\n\t\t\t\t\t\t\t<div class=\"elementor-social-icons-wrapper elementor-grid\">\n\t\t\t\t\t\t\t<span class=\"elementor-grid-item\">\n\t\t\t\t\t<a class=\"elementor-icon elementor-social-icon elementor-social-icon-instagram elementor-animation-grow elementor-repeater-item-d550229\" href=\"https:\/\/www.instagram.com\/kokon_conception\/\" target=\"_blank\">\n\t\t\t\t\t\t<span class=\"elementor-screen-only\">Instagram<\/span>\n\t\t\t\t\t\t<svg aria-hidden=\"true\" class=\"e-font-icon-svg e-fab-instagram\" viewBox=\"0 0 448 512\" xmlns=\"http:\/\/www.w3.org\/2000\/svg\"><path d=\"M224.1 141c-63.6 0-114.9 51.3-114.9 114.9s51.3 114.9 114.9 114.9S339 319.5 339 255.9 287.7 141 224.1 141zm0 189.6c-41.1 0-74.7-33.5-74.7-74.7s33.5-74.7 74.7-74.7 74.7 33.5 74.7 74.7-33.6 74.7-74.7 74.7zm146.4-194.3c0 14.9-12 26.8-26.8 26.8-14.9 0-26.8-12-26.8-26.8s12-26.8 26.8-26.8 26.8 12 26.8 26.8zm76.1 27.2c-1.7-35.9-9.9-67.7-36.2-93.9-26.2-26.2-58-34.4-93.9-36.2-37-2.1-147.9-2.1-184.9 0-35.8 1.7-67.6 9.9-93.9 36.1s-34.4 58-36.2 93.9c-2.1 37-2.1 147.9 0 184.9 1.7 35.9 9.9 67.7 36.2 93.9s58 34.4 93.9 36.2c37 2.1 147.9 2.1 184.9 0 35.9-1.7 67.7-9.9 93.9-36.2 26.2-26.2 34.4-58 36.2-93.9 2.1-37 2.1-147.8 0-184.8zM398.8 388c-7.8 19.6-22.9 34.7-42.6 42.6-29.5 11.7-99.5 9-132.1 9s-102.7 2.6-132.1-9c-19.6-7.8-34.7-22.9-42.6-42.6-11.7-29.5-9-99.5-9-132.1s-2.6-102.7 9-132.1c7.8-19.6 22.9-34.7 42.6-42.6 29.5-11.7 99.5-9 132.1-9s102.7-2.6 132.1 9c19.6 7.8 34.7 22.9 42.6 42.6 11.7 29.5 9 99.5 9 132.1s2.7 102.7-9 132.1z\"><\/path><\/svg>\t\t\t\t\t<\/a>\n\t\t\t\t<\/span>\n\t\t\t\t\t<\/div>\n\t\t\t\t\t\t<\/div>\n\t\t\t\t<\/div>\n\t\t\t\t\t<\/div>\n\t\t<\/div>\n\t\t\t\t\t<\/div>\n\t\t<\/section>\n\t\t\t\t\t<\/div>\n\t\t<\/div>\n\t\t\t\t\t<\/div>\n\t\t<\/section>\n\t\t\t\t<\/div>\n\t\t","protected":false},"excerpt":{"rendered":"<p>DANDY Bagn\u00e8res-de-Bigorre MAIL contact@argane-conception.fr T\u00c9L\u00c9PHONE 06 80 81 93 95 SUIVEZ-NOUS Instagram<\/p>\n","protected":false},"author":1,"featured_media":0,"parent":0,"menu_order":0,"comment_status":"closed","ping_status":"closed","template":"elementor_header_footer","meta":{"footnotes":""},"class_list":["post-819","page","type-page","status-publish","hentry"],"_links":{"self":[{"href":"https:\/\/argane-conception.fr\/index.php\/wp-json\/wp\/v2\/pages\/819","targetHints":{"allow":["GET"]}}],"collection":[{"href":"https:\/\/argane-conception.fr\/index.php\/wp-json\/wp\/v2\/pages"}],"about":[{"href":"https:\/\/argane-conception.fr\/index.php\/wp-json\/wp\/v2\/types\/page"}],"author":[{"embeddable":true,"href":"https:\/\/argane-conception.fr\/index.php\/wp-json\/wp\/v2\/users\/1"}],"replies":[{"embeddable":true,"href":"https:\/\/argane-conception.fr\/index.php\/wp-json\/wp\/v2\/comments?post=819"}],"version-history":[{"count":11,"href":"https:\/\/argane-conception.fr\/index.php\/wp-json\/wp\/v2\/pages\/819\/revisions"}],"predecessor-version":[{"id":1031,"href":"https:\/\/argane-conception.fr\/index.php\/wp-json\/wp\/v2\/pages\/819\/revisions\/1031"}],"wp:attachment":[{"href":"https:\/\/argane-conception.fr\/index.php\/wp-json\/wp\/v2\/media?parent=819"}],"curies":[{"name":"wp","href":"https:\/\/api.w.org\/{rel}","templated":true}]}}